*2 - 16*p + 51. Calculate k(4).
3
Let v(l) = l**2 - 8*l + 8. Calculate v(5).
-7
Let a(b) = -3*b**2 + 62*b - 50. Determine a(19).
45
Let p(n) = n**2 - 8*n + 12. Calculate p(6).
0
Let c(p) = 6*p. Determine c(4).
24
Let r(q) = -q**3 + 3*q**2 - 10*q + 23. Give r(3).
-7
Let i(l) = -2*l - 45. What is i(-15)?
-15
Let f(y) = y - 5. Give f(1).
-4
Let q(j) = -j**2 + 44*j + 40. What is q(44)?
40
Let q(s) = -s**3 - 2*s**2 + 2*s + 1. Calculate q(-3).
4
Let z(x) = -8*x - 1. Calculate z(2).
-17
Let v(d) = -d**2 + 3*d + 7. Determine v(6).
-11
Let t(z) = 2*z**3 + 12*z**2 + 23*z + 4. Calculate t(-2).
-10
Let x(b) = -b**2 + 16*b - 75. What is x(12)?
-27
Let u(y) = y + 73. Determine u(-11).
62
Let o(y) = -11*y + 3. Determine o(-1).
14
Let b(k) = -k + 44. Give b(18).
26
Let w(p) = -3*p**2 + 5*p - 8. Give w(3).
-20
Let x(v) = -v**3 - 3*v**2 + 5*v + 1. Determine x(-4).
-3
Let q(o) = -o**3 + 24*o**2 - o + 17. Determine q(24).
-7
Let t(j) = -j - 7. Determine t(-6).
-1
Let g(k) = k**3 + 9*k**2 - 12*k - 10. Give g(-10).
10
Let q(t) = -29*t**2 - t + 2. Calculate q(1).
-28
Let x(r) = -r**2 - 9*r + 83. Give x(-15).
-7
Let x(g) = g**3 - 9*g**2 - 10*g - 2. Calculate x(10).
-2
Let p(w) = -2*w - 14. What is p(-9)?
4
Let f(p) = -p**3 - 11*p**2 - 6*p. Give f(-7).
-154
Let s(v) = -v**2 - 3*v + 5. Calculate s(-5).
-5
Let s(j) = j**2 + 2*j - 12. Give s(5).
23
Let z(x) = 15*x**2 - 4*x + 5. Give z(1).
16
Let l(d) = d**2 + 9*d - 11. What is l(-10)?
-1
Let y(l) = -7*l + 15. Determine y(-8).
71
Let s(v) = v**3 + 7*v**2 + 12*v. Calculate s(-5).
-10
Let f(s) = s + 22. What is f(-23)?
-1
Let u(d) = 12*d + 26. Determine u(-2).
2
Let a(x) = -x**3 + 35*x**2 + 2*x - 65. Give a(35).
5
Let q(w) = -2*w + 12. What is q(11)?
-10
Let y(u) = u**2 - 43*u - 49. Calculate y(44).
-5
Let t(h) = 2*h - 18. Give t(14).
10
Let f(m) = m**2 + 5*m - 13. Calculate f(-6).
-7
Let y(a) = -2*a + 5. Calculate y(7).
-9
Let u(q) = -q**2 - 4*q + 1. Calculate u(-4).
1
Let b(h) = -h**3 + 3*h**2 - 11*h. Determine b(3).
-33
Let z(j) = 2*j**3 + 6*j**2 + 2*j - 1. What is z(-4)?
-41
Let c(m) = 106*m - 1806. Calculate c(17).
-4
Let z(d) = -d**3 - 6*d**2 - 8*d - 6. Give z(-6).
42
Let d(m) = -m**2 + 2*m + 22. Give d(4).
14
Let m(a) = -7*a + 69. Calculate m(21).
-78
Let p(s) = s**3 - 10*s**2 - 2*s + 12. What is p(10)?
-8
Let n(d) = -d**3 + 7*d + 2. What is n(-3)?
8
Let i(l) = 6*l + 39. Determine i(-4).
15
Let j(g) = 5*g + 69. Calculate j(-16).
-11
Let m(k) = -7*k - 275. Give m(-40).
5
Let c(g) = -2*g**2 + 10*g + 14. What is c(6)?
2
Let f(g) = -6*g + 9. Determine f(1).
3
Let p(c) = c**3 + 10*c**2 + 10*c - 2. Determine p(-6).
82
Let a(y) = 3*y + 17. Calculate a(-5).
2
Let o(p) = p**3 - 2*p**2 - 10*p + 2. What is o(5)?
27
Let r(i) = -22*i - 6. What is r(0)?
-6
Let y(x) = -2*x**2 + x + 4. Determine y(-3).
-17
Let w(o) = 29*o + 85. Calculate w(-3).
-2
Let n(m) = -m**3 + 12*m**2 - 25*m - 38. Give n(8).
18
Let w(a) = a**3 - 15*a**2 - 17*a + 11. What is w(16)?
-5
Let g(q) = 4*q**2 + 13*q - 66. Calculate g(-6).
0
Let l(n) = n**3 + 5*n - 4. Give l(3).
38
Let p(g) = -31*g - 313. What is p(-10)?
-3
Let g(f) = f**3 + 4*f**2 + 3*f + 5. Calculate g(-4).
-7
Let a(n) = -n**2 - 14*n - 39. Calculate a(-4).
1
Let w(m) = -3*m**2 - 15*m - 17. Determine w(-6).
-35
Let j(o) = o**2 - 2*o - 54. What is j(10)?
26
Let d(s) = -s**3 + 11*s**2 - 15*s + 9. Give d(6).
99
Let y(j) = -j - 30. What is y(-9)?
-21
Let z(n) = -2*n**3 + 2*n**2 + 1. Give z(2).
-7
Let i(j) = -j**2 + 7*j - 18. Calculate i(4).
-6
Let v(u) = -7*u + 10. Determine v(5).
-25
Let q(z) = 11*z - 146. Give q(14).
8
Let d(w) = -7*w**3 - 7*w**2 - 12*w - 1. Calculate d(-2).
51
Let q(c) = -2*c**2 + 56*c - 13. What is q(28)?
-13
Let h(p) = p**2 + 2*p + 51. Determine h(0).
51
Let z(m) = 2*m**3 + 14*m**2 + 10*m - 2. What is z(-6)?
10
Let b(r) = 2*r**3 - 9*r**2 + 6*r + 3. Determine b(3).
-6
Let k(g) = 41*g - 38. What is k(1)?
3
Let y(n) = -7*n**2 - 81*n - 51. Give y(-11).
-7
Let n(u) = -u**2 + 18*u - 53. Give n(9).
28
Let s(x) = -x - 20. What is s(-17)?
-3
Let s(k) = -23*k**2 - 1. Determine s(-1).
-24
Let a(o) = -3*o + 2. Give a(2).
-4
Let v(j) = j - 12. Determine v(-20).
-32
Let c(w) = 3*w - 2. Calculate c(-5).
-17
Let x(i) = -11*i + 7. Determine x(-3).
40
Let u(q) = q**3 - 17*q**2 + 15*q + 6. Calculate u(16).
-10
Let r(o) = o**3 - 16*o**2 - 20. Give r(16).
-20
Let b(n) = n**3 - 2*n - 4. Determine b(0).
-4
Let f(q) = q**3 - 1. Determine f(-1).
-2
Let g(q) = q**3 - 8*q**2 + 8*q - 11. Calculate g(6).
-35
Let b(w) = 14*w + 3. What is b(1)?
17
Let r(t) = t**3 + 8*t**2 - 11*t - 1. Calculate r(-9).
17
Let n(c) = -c**3 - 7*c**2 + 19*c + 22. Give n(-9).
13
Let g(j) = 2*j**3 + 11*j**2 - j + 8. What is g(-6)?
-22
Let m(u) = -44*u**2 - 1. What is m(-1)?
-45
Let o(c) = -3*c**2 - 15*c + 10. Calculate o(-8).
-62
Let q(i) = -2*i**2 - 3*i. What is q(4)?
-44
Let b(j) = -5*j**2 + 33*j + 3. Calculate b(7).
-11
Let p(d) = -d + 17. Give p(7).
10
Let r(l) = 4*l**2 - 125*l + 25. Determine r(31).
-6
Let t(p) = -12*p - 334. Give t(-28).
2
Let c(a) = -19*a - 156. What is c(-8)?
-4
Let g(n) = -3*n**2 + n + 6. Give g(-2).
-8
Let f(c) = 3*c**2 + 104*c - 28. Calculate f(-35).
7
Let s(v) = 2*v - 12. Calculate s(5).
-2
Let n(q) = q**2 + 3. Give n(5).
28
Let i(c) = c**2 + 22*c + 46. Calculate i(-3).
-11
Let d(s) = -4*s**2 - 3*s - 2. Give d(-5).
-87
Let z(b) = -b**2 + b + 28. What is z(-5)?
-2
Let s(h) = -h**2 + 14*h + 19. What is s(15)?
4
Let n(g) = g**2 - g - 7. Determine n(-3).
5
Let o(f) = -2*f**3 + 4*f**2 + 2*f - 4. Give o(3).
-16
Let m(t) = t**2 + 11*t + 10. What is m(-8)?
-14
Let s(a) = -2*a**2 - 5*a + 17. Determine s(-6).
-25
Let w(z) = z**3 - 18*z**2 + z - 34. Give w(18).
-16
Let h(y) = -y**3 + 8*y**2 + 9*y - 4. What is h(9)?
-4
Let s(n) = 8*n - 22. Give s(3).
2
Let i(c) = -c**3 - 6*c**2 + 4*c + 5. Calculate i(-7).
26
Let h(f) = f**2 - 8*f - 7. What is h(9)?
2
Let g(i) = -2*i - 7. Determine g(0).
-7
Let d(o) = -o**2 - 13*o + 12. Determine d(-10).
42
Let o(z) = z**3 - 17*z**2 + 3*z - 44. Give o(17).
7
Let x(j) = j**3 - 6*j**2 + 6*j - 10. Give x(5).
-5
Let t(d) = 11*d - 12. Calculate t(1).
-1
Let c(r) = 3*r**2 - 7*r - 9. Calculate c(6).
57
Let v(h) = -3*h**2 - 22*h - 13. Determine v(-9).
-58
Let y(j) = 2*j**2 + 35*j - 2. Determine y(-17).
-19
Let g(j) = 3*j**2 + 2. Determine g(2).
14
Let f(b) = 2*b**2 + 6*b - 6. What is f(-5)?
14
Let j(b) = b**3 - 5*b**2 - 2*b + 4. What is j(5)?
-6
Let z(d) = d**2 - 6*d - 13. What is z(-3)?
14
Let o(a) = -a**3 + 9*a**2 + 6*a - 19. What is o(10)?
-59
Let y(j) = -4*j**3 + 176*j**2 - j + 60. Determine y(44).
16
Let r(x) = -10*x - 15. Give r(-2).
5
Let w(z) = -7*z + 1. Calculate w(-9).
64
Let m(c) = -3*c - 25. Calculate m(-10).
5
Let i(u) = u**2 - 11*u - 25. Determine i(14).
17
Let w(l) = -13*l - 6. Give w(6).
-84
Let d(g) = g**3 + 14*g**2 + 12*g - 7. Calculate d(-13).
6
Let b(g) = -g**3 - 3*g**2 + 6. What is b(-3)?
6
Let y(i) = i**3 - 4*i**2 - 8*i + 3. What is y(6)?
27
Let z(i) = i + 7. What is z(-5)?
2
Let d(w) = -3*w + 17. What is d(8)?
-7
Let o(p) = p**3 + 8*p**2 + 2*p + 124. What is o(-9)?
25
Let u(d) = -8*d**2 - d - 2. What is u(-3)?
-71
Let i(d) = -d**3 - 15*d**2 + d + 20. Determine i(-15).
5
Let l(q) = -q**3 - 5*q**2 + 2*q + 4. Give l(-4).
-20
Let r(w) = w**2 + 11*w - 58. Calculate r(-15).
2
Let w(d) = 28*d - 1064. Calculate w(38).
0
Let q(b) = 10*b + 68. Calculate q(-5).
18
Let d(r) = r**2 - 3*r - 14. Calculate d(5).
-4
Let i(d) = -d**3 - 6*d**2 - 7*d - 4. What is i(-4)?
-8
Let l(s) = -22*s**2 - 110*s + 8. Calculate l(-5).
8
Let b(l) = -l**2 - 3*l + 11. Give b(6).
-43
Let t(n) = n**3 - 7*n**2 - 2*n + 1. Calculate t(5).
-59
Let w(n) = n - 9. Determine w(4).
-5
Let h(o) = -o**3 + 14*o**2 + o - 8. Calculate h(14).
6
Let v(f) = f**2 + 13*f - 36. What is v(-12)?
-48
Let d(c) = -c**3 - 12*c**2 - 4. Determine d(-12).
-4
Let y(a) = -45*a**3 - 2*a**2 + 4*a - 3. Determine y(1).
-46
Let h(q) = -q**2 + 15*q - 5. Give h(14).
9
Let g(t) = 2*t + 13. What is g(-2)?
9
Let x(m) = m**2 + 7*m - 24. Calculate x(-9).
-6
Let m(o) = o**3 + 12*o**2 + 11*o + 8. Give m(-11).
8
Let k(t) = -3*t**2 - 20*t - 15. What is k(-4)?
17
Let h(t) = -t**3 + 6*t**2 + 10*t - 25. What is h(7)?
-4
Let b(f) = 154*f**3 + f**2 - f - 2. Calculate b(-1).
-154
Let q(a) = 25*a. Calculate q(0).
0
Let m(k) = -k + 11. Give m(0).
11
Let w(f) =